.
35
Let n(y) be the first derivative of y**4/4 + 10*y**3/3 + 17*y**2/2 + 9*y - 444. Give n(-8).
1
Suppose 404*j - 422*j - 72 = 0. Let y(n) = -2*n**2 - 5*n + 19. What is y(j)?
7
Let u(m) = 171*m - 856. Let c be u(5). Let a(y) = -45*y**2 + y. Give a(c).
-46
Let t(m) = 4*m - 98. Let v = -7603 + 7627. Determine t(v).
-2
Let z be ((-42)/28)/(1/4). Let m be 1/((1/z)/(18/54)). Let j(v) = 3*v + 1. Calculate j(m).
-5
Let q(m) = m**3 - 7*m**2 - 2*m. Let k(d) = -d**2 + 4*d + 1. Let t be k(2). Let f be (1*8)/(42/6 - t). Suppose 0 = u + u - f, -j + 4*u = 1. Give q(j).
-14
Suppose -3*v - 3*x = -4*v + 15, 2*v = 5*x + 26. Let z(l) = l - 3*l**2 - l**2 + l**v + 3858 - 3861. Give z(3).
-9
Let z be (0 + (-246)/(-42))*(7 - 0). Let g(h) = -6 - 15*h + z*h - 25*h. Give g(-5).
-11
Let j(q) = 2*q**2 - 11*q + 4. Let p(y) be the second derivative of -2*y**5/5 - y**4/4 - y**3/2 - y**2/2 + y - 19. Let g be p(-1). What is j(g)?
25
Suppose -z = -0*z. Suppose 3*g + 2*v - 8 = -2*v, -4*g - 10 = -5*v. Let c(a) = g*a - a + 6 - a**2 + 2*a. What is c(z)?
6
Suppose -5*v - 95 = -5*a, -36*a + 2*v = -41*a + 46. Let n(o) = -3*o**2 + 41*o - 40. Determine n(a).
20
Let o be ((-161)/(-21) - (-8)/12) + 4/6. Let s(b) = -9*b + 86. What is s(o)?
5
Let h(i) = 1. Let z = -31 + 29. Let v(a) = -a + 2. Let d(u) = z*v(u) + 10*h(u). Suppose 2*j - 37 = -45. Calculate d(j).
-2
Let p(y) = 2*y**2 - y + 4. Suppose -1047*u = -1050*u. Give p(u).
4
Let u(v) = 7*v**2 - 3*v - 578. Let o(f) = -10*f**2 + 4*f + 813. Let y(w) = -5*o(w) - 7*u(w). Determine y(8).
53
Let d(t) be the second derivative of -t**3/2 - 25*t**2/2 + 3924*t. What is d(-6)?
-7
Let a = 7231 - 7223. Let c(i) = i**2 - 7*i - 12. Let x(m) = -m**2 + 7*m + 13. Let f(q) = 6*c(q) + 7*x(q). Determine f(a).
11
Let l(h) be the second derivative of -h**4/12 + 14*h**3/3 + 29*h**2 - 6*h + 80. Give l(30).
-2
Let r(n) be the second derivative of n**4/6 - n**3/2 + 102*n. Let f(z) = 11*z**2 - 18*z + 4. Let k(s) = f(s) - 6*r(s). Calculate k(0).
4
Suppose 6*t - 12 = 14*t + 2*b, -t + 2*b = 6. Let h(j) = j**3 + 2*j**2 - 3*j - 6. Calculate h(t).
0
Let f(s) = s**2 - 463*s - 1398. Let d be f(-3). Let w(c) be the third derivative of -c**5/60 - c**4/24 + 7*c**3/2 - c**2. What is w(d)?
21
Let s(l) = -13*l + 2. Let y be s(-2). Suppose y = -0*b - 14*b. Let n(i) = i + 1. Let a(q) = 1. Let p(w) = -a(w) + n(w). Calculate p(b).
-2
Let l(k) = -k**3 - 11*k**2 + 11*k + 4. Let h be (-20)/(-11) + (-24)/(-132). Suppose 5*n = 5*r + 80, 5*r + h*n + 68 - 16 = 0. Give l(r).
16
Let s = -277 - -266. Let r(n) = -n**2 - 10*n + 8. Let f be r(s). Let j(d) = d - 2. Calculate j(f).
-5
Suppose -52*k - 36*k + 456 = -12*k. Let q(g) = -2*g + 32. What is q(k)?
20
Let z = -22434 - -22441. Let k(m) = -2*m**3 + 10*m**2 + 23*m - 12. What is k(z)?
-47
Let r(v) = 2*v. Suppose -10*y + 749 = 259. Let i = y - 50. Determine r(i).
-2
Let x(f) = -26*f**2 + 67*f - 131. Let w(t) = 5*t**2 - 13*t + 25. Let u(d) = 21*w(d) + 4*x(d). Suppose -3 = -4*l + 9. Determine u(l).
-5
Let v(p) = 2*p**2 + p + 9. Let r(q) = -q**2 + q - 4. Let f(b) = -5*r(b) - 2*v(b). Calculate f(5).
-8
Let z(q) = 6 - 2*q + 2*q**2 - 24 - 2*q**2 + 21 + q**3. Give z(0).
3
Let z = 667 - 663. Let d(v) = 566*v**2 + v + z*v - v - 567*v**2. Give d(3).
3
Let n(c) be the third derivative of c**5/60 - 3*c**4/8 - c**3/6 - 6*c**2 + 12*c. What is n(7)?
-15
Let i(p) be the second derivative of 4*p**3 + 4*p**2 - 1033*p. Give i(3).
80
Let m(q) = q**3 + 5*q**2 - 13*q + 3. Let b(y) = -17*y**3 + 10*y**2 - 5*y + 5. Let t be b(1). Determine m(t).
-4
Let u be -2*(-3)/2 + 2. Let s = u + -2. Let l(g) = 375*g + 2*g**2 + 373*g - g**3 + 367*g - 1117*g + 0 - 4. What is l(s)?
-19
Let o be 1/(((-25)/15)/(-5)). Let x(l) = 4*l - 13. Let k(n) = -5*n + 12. Let c(y) = o*x(y) + 2*k(y). Determine c(8).
1
Let x(n) = -7*n - 220*n**2 + 0*n - n + 38 + 225*n**2 + n**3. Calculate x(-7).
-4
Let k = 123 + -118. Let q be (-16)/(-10)*5*(-1 - k). Let l = -49 - q. Let d(z) = -4*z. Give d(l).
4
Let w(s) = -s**2 + s - 6. Let h be -8 + (-80)/32*-4. Calculate w(h).
-8
Let o(a) be the first derivative of a**3/3 + 3*a**2/2 - 4*a + 1. Let d(u) = 25*u - 2*u**2 + 76 + 9*u - 45. Let i be d(18). Give o(i).
6
Let n(p) = -2*p**3 + 2*p**2 + 3*p + 2. Suppose s - 2 = 11. Suppose 4*q = f + 4*f - s, 2*f - 4 = 2*q. Suppose q*v - 6 = -2*g, 12 + 0 = 4*g + 2*v. Determine n(g).
-25
Let n(j) be the third derivative of j**6/144 - j**5/30 - 101*j**4/24 - 52*j**2. Let d(s) be the second derivative of n(s). Determine d(2).
6
Let t(d) = 6*d**2 + 247*d - 13. Let m(y) = -y**2 - 50*y + 1. Let k(s) = 5*m(s) + t(s). Determine k(-3).
10
Let p = 166 - 174. Let j(k) = 5*k**2 - 24*k - 4. Let u(z) = -3*z**2 + 16*z + 3. Let l(r) = p*u(r) - 5*j(r). Let f be 0 + -4 + -1 + 0. Calculate l(f).
11
Let j = 106 + -101. Suppose -2*f = -2*c - 2 + 14, 0 = -j*c + 4*f + 29. Let n(i) be the second derivative of i**3/6 - 6*i**2 + i. Give n(c).
-7
Let f(w) = -w**3 + 7*w**2 - 18*w - 12. Let r(l) = -18*l**2 + 10*l**2 + l**3 + 12 + l**2 + 16*l. Let u(z) = 4*f(z) + 5*r(z). Determine u(5).
2
Let t(g) be the first derivative of g**4/4 - g**3/3 - g - 1083. Determine t(3).
17
Let a(i) = -i**3 - 2*i**2 - 2*i - 3. Let r = 52 + -61. Let j(x) = x**2 + 8*x - 5. Let d be j(r). Suppose -d*o + 12*o = -16. Give a(o).
1
Let d(u) = -2*u**2 - 5*u + 4. Let q be (-46)/(-621) - (-980)/(-108). Let a be ((-6)/q)/(36/(-378)). Give d(a).
-59
Let m = 12 - -35. Let b = m + -42. Suppose -40 = b*k + 3*i, -4*i = 4*k - 11 + 51. Let t(x) = x**3 + 6*x**2 + 4*x - 3. What is t(k)?
2
Let a = 265 - 262. Let y(u) = -4*u**a + 6*u**2 + 15*u + 12 + 3*u**3 + 5*u**2 - 4*u. Calculate y(12).
0
Let f(k) = 20*k - 18. Let v be ((-6)/16)/((-45)/360). Let w(s) = 7*s - 7. Let j(u) = v*f(u) - 8*w(u). What is j(1)?
6
Suppose 5*z - z = 12. Let a(b) = 8*b**2 + 2*b + 3. Let g(j) = 7*j**2 + j + 2. Let h(m) = -3*a(m) + 4*g(m). Determine h(z).
29
Let j(f) = -11*f - 2. Let z(h) = h**2 + 26*h - 55. Let m(w) = 3*j(w) + z(w). Determine m(10).
-31
Let n(r) be the third derivative of -r**6/120 - r**5/60 - r**3/6 + 5*r**2. Let x be (-34)/(-3) - 12/36. Suppose 17 = -x*h - 5. Determine n(h).
3
Let u(r) be the second derivative of -r**5/20 + 5*r**4/6 - 10*r**3/3 + 21*r**2 - 409*r. What is u(8)?
10
Let a(y) be the third derivative of -y**5/60 - 2*y**3/3 + 29*y**2. Suppose f - 103 - 18 = 4*j, -93 = 3*j - 3*f. Let u = j - -26. Determine a(u).
-20
Let g(v) = 3*v + 24. Let f(j) = j - 6. Let b be f(-4). Let i be g(b). Let n(z) = z**3 + 7*z**2 + 7*z. Calculate n(i).
-6
Let m(g) = -g**3 + 4*g**2 - g - 7. Suppose 4*l - 4*h - 118 = -5*h, -h = -l + 27. Let w be 13/78 + l/6. Determine m(w).
-37
Suppose 7*i + 33 - 166 = 0. Let j(p) = -p**3 + 21*p**2 - 40*p + 35. Let z be j(i). Let f(h) = -h**3 - 5*h**2 - 5*h - 2. What is f(z)?
-5
Let j = -39 - -26. Let u = -17 - j. Let i(g) be the second derivative of g**4/12 + 5*g**3/6 - 3*g**2/2 + 390*g. What is i(u)?
-7
Let a(w) = w**2 + w. Let z(c) = -34*c - 2. Let y(s) = -6*a(s) + z(s). Calculate y(-5).
48
Let d(f) = 17 + 0*f**2 - 6*f - 29 + f**2 - 5*f**2 + 6*f**2. Calculate d(-5).
68
Let d(o) be the second derivative of -o**5/20 + o**4/12 + 4*o**3 - 21*o**2/2 + 771*o. What is d(5)?
-1
Suppose 0 = 7*h - 3*h - 12. Let f(k) be the first derivative of -11*k**2/2 - 3*k - 43771. Determine f(h).
-36
Let z be (-52)/(-39)*(-3)/(-2). Suppose 4*s = 2*g + 16, -4*s - s = -z*g - 20. Let v(a) = 2*a + 0*a**2 - 3*a + 0*a**2 + a**3 - a**2. Determine v(g).
0
Let o(l) = -l**2 - 5*l + 3. Suppose -1 = -5*a + 19. Let g = -424 - -433. Suppose g*u - a*u = -25. Calculate o(u).
3
Let b(m) = -7*m - 1. Suppose -120 = -3*p - 4*s, -5*s + 164 = 4*p - s. Let r = 52 - p. Suppose -4 = -12*v + r*v. Give b(v).
-8
Let u(m) be the third derivative of -m**6/360 - m**5/120 + m**4/6 + 3*m**3/2 + 20*m**2. Let d(r) be the first derivative of u(r). Determine d(-3).
-2
Let c(q) = 3*q**2 - 20*q + 8. Let x = 18685 + -18680. Determine c(x).
-17
Let d(s) = s**2 + 10*s - 9. Let v be d(-11). Let b(f) = 25*f + 5*f**2 - 20*f - 4*f**v + 8 - 3. Suppose 3*p + 5*u = -7 - 3, 3*p + 4*u = -11. Calculate b(p).
5
Let f(q) be the first derivative of -q**2/2 - 2*q - 335. Suppose -2*p = -6, 4*p - 1 = 2*l + 19. Calculate f(l).
2
Let y(o) = o**3 - o**2 + o + 2. Let h(g) = -10*g**2 + g + 3. Let u be h(-2). Let v = 87 + -124. Let t = v - u. Determine y(t).
8